{"id":7,"date":"2023-04-13T00:54:37","date_gmt":"2023-04-13T00:54:37","guid":{"rendered":"https:\/\/kiub.lukyweb.com\/?page_id=7"},"modified":"2023-04-14T04:43:54","modified_gmt":"2023-04-14T04:43:54","slug":"beautiful-portfolios-for-exceptional-creatives","status":"publish","type":"page","link":"https:\/\/kiub.lukyweb.com\/","title":{"rendered":""},"content":{"rendered":"\n<p class=\"has-text-align-center\"><meta charset=\"utf-8\"><\/meta>Estudios Socioecon\u00f3micos para Empresas\u200b. Consulta el historial laboral de un trabajador, referencias y reporte legal para tus candidatos y trabajadores.<\/p>\n\n\n\n<div style=\"height:100px\" aria-hidden=\"true\" class=\"wp-block-spacer\"><\/div>\n\n\n\n<h2 class=\"wp-block-heading has-text-align-center\"><strong>\u00bfQu\u00e9 hacemos por ti?<\/strong><\/h2>\n\n\n\n<div style=\"height:57px\" aria-hidden=\"true\" class=\"wp-block-spacer\"><\/div>\n\n\n\n<div class=\"wp-block-group alignfull is-layout-constrained\"><div class=\"wp-block-group__inner-container\">\n<div class=\"wp-block-columns alignwide are-vertically-aligned-top is-layout-flex wp-container-7\">\n<div class=\"wp-block-column is-vertically-aligned-top is-layout-flow\" style=\"flex-basis:400px\">\n<div class=\"wp-block-group is-layout-constrained\"><div class=\"wp-block-group__inner-container\">\n<figure class=\"wp-block-image alignwide is-style-default\"><img decoding=\"async\" loading=\"lazy\" width=\"256\" height=\"256\" src=\"https:\/\/kiub.lukyweb.com\/wp-content\/uploads\/2023\/04\/cobertura.png\" alt=\"\" class=\"wp-image-35\" srcset=\"https:\/\/kiub.lukyweb.com\/wp-content\/uploads\/2023\/04\/cobertura.png 256w, https:\/\/kiub.lukyweb.com\/wp-content\/uploads\/2023\/04\/cobertura-150x150.png 150w\" sizes=\"(max-width: 256px) 100vw, 256px\" \/><\/figure>\n\n\n\n<h3 class=\"wp-block-heading has-text-align-center\"><strong>Cobertura Nacional<\/strong><\/h3>\n\n\n\n<p class=\"has-text-align-center\">Hemos colaborado con m\u00faltiples empresas en diferentes rincones de nuestro pa\u00edses sin afectar la calidad del proceso.\u200b<\/p>\n<\/div><\/div>\n<\/div>\n\n\n\n<div class=\"wp-block-column is-vertically-aligned-top is-layout-flow\" style=\"flex-basis:400px\">\n<div class=\"wp-block-group is-layout-constrained\"><div class=\"wp-block-group__inner-container\">\n<figure class=\"wp-block-image alignwide\"><img decoding=\"async\" loading=\"lazy\" width=\"256\" height=\"256\" src=\"https:\/\/kiub.lukyweb.com\/wp-content\/uploads\/2023\/04\/curriculum.png\" alt=\"\" class=\"wp-image-36\" srcset=\"https:\/\/kiub.lukyweb.com\/wp-content\/uploads\/2023\/04\/curriculum.png 256w, https:\/\/kiub.lukyweb.com\/wp-content\/uploads\/2023\/04\/curriculum-150x150.png 150w\" sizes=\"(max-width: 256px) 100vw, 256px\" \/><\/figure>\n\n\n\n<h3 class=\"wp-block-heading has-text-align-center\"><strong>Validez del perfil<\/strong><\/h3>\n\n\n\n<p class=\"has-text-align-center\">Verificamos la certeza de la informaci\u00f3n que tus candidatos proporcionan en su CV para elegir al indicado.\u200b<\/p>\n<\/div><\/div>\n<\/div>\n\n\n\n<div class=\"wp-block-column is-vertically-aligned-top is-layout-flow\" style=\"flex-basis:400px\">\n<div class=\"wp-block-group is-layout-constrained\"><div class=\"wp-block-group__inner-container\">\n<figure class=\"wp-block-image alignwide\"><img decoding=\"async\" loading=\"lazy\" width=\"256\" height=\"256\" src=\"https:\/\/kiub.lukyweb.com\/wp-content\/uploads\/2023\/04\/urgente.png\" alt=\"\" class=\"wp-image-48\" srcset=\"https:\/\/kiub.lukyweb.com\/wp-content\/uploads\/2023\/04\/urgente.png 256w, https:\/\/kiub.lukyweb.com\/wp-content\/uploads\/2023\/04\/urgente-150x150.png 150w\" sizes=\"(max-width: 256px) 100vw, 256px\" \/><\/figure>\n\n\n\n<h3 class=\"wp-block-heading has-text-align-center\">C<strong>ontra<\/strong>taci\u00f3n m\u00e1s \u00e1gil<\/h3>\n\n\n\n<p class=\"has-text-align-center\">Entregamos de 2 a 4 dias, seg\u00fan las necesidades de tu proyecto, garantizando un menor tiempo de respuesta respecto al mercado.<\/p>\n<\/div><\/div>\n<\/div>\n<\/div>\n<\/div><\/div>\n\n\n\n<div class=\"wp-block-group alignfull is-layout-constrained\"><div class=\"wp-block-group__inner-container\">\n<div class=\"wp-block-columns alignwide are-vertically-aligned-top is-layout-flex wp-container-15\">\n<div class=\"wp-block-column is-vertically-aligned-top is-layout-flow\" style=\"flex-basis:400px\">\n<div class=\"wp-block-group is-layout-constrained\"><div class=\"wp-block-group__inner-container\">\n<figure class=\"wp-block-image alignwide size-full\"><img decoding=\"async\" loading=\"lazy\" width=\"256\" height=\"256\" src=\"https:\/\/kiub.lukyweb.com\/wp-content\/uploads\/2023\/04\/investigacion.png\" alt=\"\" class=\"wp-image-97\" srcset=\"https:\/\/kiub.lukyweb.com\/wp-content\/uploads\/2023\/04\/investigacion.png 256w, https:\/\/kiub.lukyweb.com\/wp-content\/uploads\/2023\/04\/investigacion-150x150.png 150w\" sizes=\"(max-width: 256px) 100vw, 256px\" \/><\/figure>\n\n\n\n<h3 class=\"wp-block-heading has-text-align-center\"><strong>Investigaci\u00f3n Profunda\u200b<\/strong><\/h3>\n\n\n\n<p class=\"has-text-align-center\">La agilidad de nuestras pruebas no compromete la calidad de la investigaci\u00f3n. Hacemos un trabajo exhaustivo para entregarte toda la informaci\u00f3n relevante para hacer m\u00e1s precisa la toma de decisiones.<\/p>\n<\/div><\/div>\n<\/div>\n\n\n\n<div class=\"wp-block-column is-vertically-aligned-top is-layout-flow\" style=\"flex-basis:400px\">\n<div class=\"wp-block-group is-layout-constrained\"><div class=\"wp-block-group__inner-container\">\n<figure class=\"wp-block-image alignwide size-full\"><img decoding=\"async\" loading=\"lazy\" width=\"256\" height=\"256\" src=\"https:\/\/kiub.lukyweb.com\/wp-content\/uploads\/2023\/04\/consulta.png\" alt=\"\" class=\"wp-image-99\" srcset=\"https:\/\/kiub.lukyweb.com\/wp-content\/uploads\/2023\/04\/consulta.png 256w, https:\/\/kiub.lukyweb.com\/wp-content\/uploads\/2023\/04\/consulta-150x150.png 150w\" sizes=\"(max-width: 256px) 100vw, 256px\" \/><\/figure>\n\n\n\n<h3 class=\"wp-block-heading has-text-align-center\"><strong>Asesor\u00eda Total\u200b<\/strong><\/h3>\n\n\n\n<p class=\"has-text-align-center\">Damos seguimiento a todo tu proceso para dar fe juntos de la veracidad de la informaci\u00f3n que recibes de los candidatos.<\/p>\n<\/div><\/div>\n<\/div>\n\n\n\n<div class=\"wp-block-column is-vertically-aligned-top is-layout-flow\" style=\"flex-basis:400px\">\n<div class=\"wp-block-group is-layout-constrained\"><div class=\"wp-block-group__inner-container\">\n<figure class=\"wp-block-image alignwide size-full\"><img decoding=\"async\" loading=\"lazy\" width=\"256\" height=\"256\" src=\"https:\/\/kiub.lukyweb.com\/wp-content\/uploads\/2023\/04\/servicios-digitales.png\" alt=\"\" class=\"wp-image-100\" srcset=\"https:\/\/kiub.lukyweb.com\/wp-content\/uploads\/2023\/04\/servicios-digitales.png 256w, https:\/\/kiub.lukyweb.com\/wp-content\/uploads\/2023\/04\/servicios-digitales-150x150.png 150w\" sizes=\"(max-width: 256px) 100vw, 256px\" \/><\/figure>\n\n\n\n<h3 class=\"wp-block-heading has-text-align-center\">Apoyo Tecnol\u00f3gico<\/h3>\n\n\n\n<p class=\"has-text-align-center\">Utilizamos las herramientas m\u00e1s modernas en materia de recursos humanos para automatizar y validar pruebas psicosom\u00e9tricas de cada aspirante.<\/p>\n<\/div><\/div>\n<\/div>\n<\/div>\n<\/div><\/div>\n\n\n\n<div class=\"wp-block-group alignfull has-background is-layout-constrained\" style=\"background-color:#f2f2f2\"><div class=\"wp-block-group__inner-container\">\n<h2 class=\"wp-block-heading has-text-align-center has-large-font-size\"><strong>Nuestro Proceso<\/strong><\/h2>\n\n\n\n<div style=\"height:85px\" aria-hidden=\"true\" class=\"wp-block-spacer\"><\/div>\n\n\n\n<div class=\"wp-block-columns alignwide are-vertically-aligned-center is-layout-flex wp-container-23\">\n<div class=\"wp-block-column is-vertically-aligned-center is-layout-flow\" style=\"flex-basis:600px\">\n<div class=\"wp-block-group alignwide is-layout-constrained\"><div class=\"wp-block-group__inner-container\"><div class=\"wp-block-image\">\n<figure class=\"aligncenter size-full is-resized\"><img decoding=\"async\" loading=\"lazy\" src=\"https:\/\/kiub.lukyweb.com\/wp-content\/uploads\/2023\/04\/solicitud.png\" alt=\"\" class=\"wp-image-148\" width=\"158\" height=\"158\" srcset=\"https:\/\/kiub.lukyweb.com\/wp-content\/uploads\/2023\/04\/solicitud.png 512w, https:\/\/kiub.lukyweb.com\/wp-content\/uploads\/2023\/04\/solicitud-300x300.png 300w, https:\/\/kiub.lukyweb.com\/wp-content\/uploads\/2023\/04\/solicitud-150x150.png 150w\" sizes=\"(max-width: 158px) 100vw, 158px\" \/><\/figure><\/div>\n\n\n<ul>\n<li><strong>Recibimos tu solicitud\u200b\u200b\u200b<\/strong><\/li>\n<\/ul>\n<\/div><\/div>\n<\/div>\n\n\n\n<div class=\"wp-block-column is-vertically-aligned-center is-layout-flow\" style=\"flex-basis:600px\">\n<div class=\"wp-block-group alignwide is-layout-constrained\"><div class=\"wp-block-group__inner-container\"><div class=\"wp-block-image\">\n<figure class=\"aligncenter size-full is-resized\"><img decoding=\"async\" loading=\"lazy\" src=\"https:\/\/kiub.lukyweb.com\/wp-content\/uploads\/2023\/04\/agenda.png\" alt=\"\" class=\"wp-image-149\" width=\"146\" height=\"146\" srcset=\"https:\/\/kiub.lukyweb.com\/wp-content\/uploads\/2023\/04\/agenda.png 256w, https:\/\/kiub.lukyweb.com\/wp-content\/uploads\/2023\/04\/agenda-150x150.png 150w\" sizes=\"(max-width: 146px) 100vw, 146px\" \/><\/figure><\/div>\n\n\n<ul>\n<li><strong>Agendamos una visita<\/strong><\/li>\n<\/ul>\n<\/div><\/div>\n<\/div>\n\n\n\n<div class=\"wp-block-column is-vertically-aligned-center is-layout-flow\" style=\"flex-basis:600px\">\n<div class=\"wp-block-group alignwide is-layout-constrained\"><div class=\"wp-block-group__inner-container\"><div class=\"wp-block-image\">\n<figure class=\"aligncenter size-full is-resized\"><img decoding=\"async\" loading=\"lazy\" src=\"https:\/\/kiub.lukyweb.com\/wp-content\/uploads\/2023\/04\/visitantes.png\" alt=\"\" class=\"wp-image-150\" width=\"148\" height=\"148\" srcset=\"https:\/\/kiub.lukyweb.com\/wp-content\/uploads\/2023\/04\/visitantes.png 256w, https:\/\/kiub.lukyweb.com\/wp-content\/uploads\/2023\/04\/visitantes-150x150.png 150w\" sizes=\"(max-width: 148px) 100vw, 148px\" \/><\/figure><\/div>\n\n\n<ul>\n<li><strong>Realizamos una visita domiciliaria<\/strong><\/li>\n<\/ul>\n<\/div><\/div>\n<\/div>\n<\/div>\n\n\n\n<div class=\"wp-block-columns is-layout-flex wp-container-30\">\n<div class=\"wp-block-column is-vertically-aligned-top is-layout-flow\" style=\"flex-basis:400px\">\n<div class=\"wp-block-group alignwide is-layout-constrained\"><div class=\"wp-block-group__inner-container\"><div class=\"wp-block-image\">\n<figure class=\"aligncenter size-full\"><img decoding=\"async\" loading=\"lazy\" width=\"256\" height=\"256\" src=\"https:\/\/kiub.lukyweb.com\/wp-content\/uploads\/2023\/04\/reporte.png\" alt=\"\" class=\"wp-image-151\" srcset=\"https:\/\/kiub.lukyweb.com\/wp-content\/uploads\/2023\/04\/reporte.png 256w, https:\/\/kiub.lukyweb.com\/wp-content\/uploads\/2023\/04\/reporte-150x150.png 150w\" sizes=\"(max-width: 256px) 100vw, 256px\" \/><\/figure><\/div>\n\n\n<ul>\n<li><strong>Enviamos un reporte preliminar<\/strong><\/li>\n<\/ul>\n<\/div><\/div>\n<\/div>\n\n\n\n<div class=\"wp-block-column is-vertically-aligned-top is-layout-flow\" style=\"flex-basis:400px\">\n<div class=\"wp-block-group alignwide is-layout-constrained\"><div class=\"wp-block-group__inner-container\"><div class=\"wp-block-image\">\n<figure class=\"aligncenter size-full\"><img decoding=\"async\" loading=\"lazy\" width=\"256\" height=\"256\" src=\"https:\/\/kiub.lukyweb.com\/wp-content\/uploads\/2023\/04\/analisis-de-mercado.png\" alt=\"\" class=\"wp-image-152\" srcset=\"https:\/\/kiub.lukyweb.com\/wp-content\/uploads\/2023\/04\/analisis-de-mercado.png 256w, https:\/\/kiub.lukyweb.com\/wp-content\/uploads\/2023\/04\/analisis-de-mercado-150x150.png 150w\" sizes=\"(max-width: 256px) 100vw, 256px\" \/><\/figure><\/div>\n\n\n<ul>\n<li><strong>Hacemos la investigaci\u00f3n<\/strong><\/li>\n<\/ul>\n<\/div><\/div>\n<\/div>\n\n\n\n<div class=\"wp-block-column is-vertically-aligned-top is-layout-flow\" style=\"flex-basis:400px\">\n<div class=\"wp-block-group alignwide is-layout-constrained\"><div class=\"wp-block-group__inner-container\"><div class=\"wp-block-image\">\n<figure class=\"aligncenter size-full\"><img decoding=\"async\" loading=\"lazy\" width=\"256\" height=\"256\" src=\"https:\/\/kiub.lukyweb.com\/wp-content\/uploads\/2023\/04\/analitica.png\" alt=\"\" class=\"wp-image-153\" srcset=\"https:\/\/kiub.lukyweb.com\/wp-content\/uploads\/2023\/04\/analitica.png 256w, https:\/\/kiub.lukyweb.com\/wp-content\/uploads\/2023\/04\/analitica-150x150.png 150w\" sizes=\"(max-width: 256px) 100vw, 256px\" \/><\/figure><\/div>\n\n\n<ul>\n<li><strong>Entregamos reporte final<\/strong><\/li>\n<\/ul>\n<\/div><\/div>\n<\/div>\n<\/div>\n<\/div><\/div>\n\n\n\n<div class=\"wp-block-group alignfull has-background is-layout-flow\" style=\"background-color:#e5e9ec\"><div class=\"wp-block-group__inner-container\">\n<div class=\"wp-block-columns is-layout-flex wp-container-35\">\n<div class=\"wp-block-column is-vertically-aligned-center is-layout-flow\">\n<h2 class=\"wp-block-heading has-large-font-size\"><br><strong>\u00bfQui\u00e9n es Kiub?<\/strong><\/h2>\n\n\n\n<p><strong>Durante&nbsp;m\u00e1s de 10 a\u00f1os&nbsp;hemos tenido el privilegio de ser un aliado estrat\u00e9gico en el crecimiento de m\u00faltiples empresas de diferentes industrias.<\/strong><\/p>\n\n\n\n<p><strong>\u200b<\/strong><\/p>\n\n\n\n<p><strong>Tiempo que nos ha otorgado experiencia para implementar una mejora continua en atenci\u00f3n a nuestros clientes, afinar nuestra metodolog\u00eda en servicios de&nbsp;Recursos Humanos.<\/strong><\/p>\n\n\n\n<p><strong>\u200b<\/strong><\/p>\n\n\n\n<p><strong>Crecer con nuestros clientes ha sido una de nuestras&nbsp;mayores satisfacciones&nbsp;y el prop\u00f3sito actual para seguir trabajando para ellos.&nbsp;<\/strong><\/p>\n\n\n\n<div class=\"wp-block-buttons is-horizontal is-content-justification-left is-layout-flex wp-container-32\">\n<div class=\"wp-block-button is-style-outline\"><a class=\"wp-block-button__link wp-element-button\" href=\"#\">ver mas&#8230;<\/a><\/div>\n<\/div>\n\n\n\n<p><\/p>\n<\/div>\n\n\n\n<div class=\"wp-block-column is-layout-flow\">\n<div style=\"height:48px\" aria-hidden=\"true\" class=\"wp-block-spacer\"><\/div>\n\n\n\n<figure class=\"wp-block-image size-large\"><img decoding=\"async\" loading=\"lazy\" width=\"1024\" height=\"683\" src=\"https:\/\/kiub.lukyweb.com\/wp-content\/uploads\/2023\/04\/altos-ejecutivos-2_ok-1024x683.jpg\" alt=\"\" class=\"wp-image-173\" srcset=\"https:\/\/kiub.lukyweb.com\/wp-content\/uploads\/2023\/04\/altos-ejecutivos-2_ok-1024x683.jpg 1024w, https:\/\/kiub.lukyweb.com\/wp-content\/uploads\/2023\/04\/altos-ejecutivos-2_ok-300x200.jpg 300w, https:\/\/kiub.lukyweb.com\/wp-content\/uploads\/2023\/04\/altos-ejecutivos-2_ok-768x512.jpg 768w, https:\/\/kiub.lukyweb.com\/wp-content\/uploads\/2023\/04\/altos-ejecutivos-2_ok-1536x1024.jpg 1536w, https:\/\/kiub.lukyweb.com\/wp-content\/uploads\/2023\/04\/altos-ejecutivos-2_ok-2048x1365.jpg 2048w, https:\/\/kiub.lukyweb.com\/wp-content\/uploads\/2023\/04\/altos-ejecutivos-2_ok-2000x1333.jpg 2000w\" sizes=\"(max-width: 1024px) 100vw, 1024px\" \/><\/figure>\n<\/div>\n<\/div>\n<\/div><\/div>\n\n\n\n<div style=\"height:64px\" aria-hidden=\"true\" class=\"wp-block-spacer\"><\/div>\n\n\n\n<h2 class=\"wp-block-heading alignfull has-text-align-center has-large-font-size\"><strong>Nuestros servicios por separado<\/strong><\/h2>\n\n\n\n<div style=\"height:64px\" aria-hidden=\"true\" class=\"wp-block-spacer\"><\/div>\n\n\n\n<div class=\"wp-block-columns alignfull is-layout-flex wp-container-39\">\n<div class=\"wp-block-column is-layout-flow\" style=\"flex-basis:50%\">\n<div class=\"wp-block-cover alignwide is-light has-parallax is-repeated has-custom-content-position is-position-bottom-center\"><span aria-hidden=\"true\" class=\"wp-block-cover__background has-background-dim\"><\/span><div role=\"img\" class=\"wp-block-cover__image-background wp-image-184 has-parallax is-repeated\" style=\"background-position:50% 50%;background-image:url(https:\/\/kiub.lukyweb.com\/wp-content\/uploads\/2023\/04\/reporte-legal.jpg)\"><\/div><div class=\"wp-block-cover__inner-container\">\n<h2 class=\"wp-block-heading has-text-align-center has-white-color has-text-color has-large-font-size\">REPORTE LEGAL<\/h2>\n\n\n\n<p class=\"has-text-align-center has-white-color has-text-color\"><strong>Nos brinda a detalle el historial legal y laboral de los candidatos. Esto nos sirve para detectar cualquier proceso legal en los que el candidato est\u00e9 o haya estado involucrado en caso que lo haya omitido.<\/strong><\/p>\n<\/div><\/div>\n<\/div>\n\n\n\n<div class=\"wp-block-column is-layout-flow\" style=\"flex-basis:50%\">\n<div class=\"wp-block-cover alignwide is-light has-parallax is-repeated has-custom-content-position is-position-bottom-center\"><span aria-hidden=\"true\" class=\"wp-block-cover__background has-background-dim\"><\/span><div role=\"img\" class=\"wp-block-cover__image-background wp-image-190 has-parallax is-repeated\" style=\"background-position:50% 50%;background-image:url(https:\/\/kiub.lukyweb.com\/wp-content\/uploads\/2023\/04\/refencias-personales.jpg)\"><\/div><div class=\"wp-block-cover__inner-container\">\n<h2 class=\"wp-block-heading has-text-align-center has-white-color has-text-color has-large-font-size\">REFENCIAS<\/h2>\n\n\n\n<p class=\"has-text-align-center has-white-color has-text-color\"><strong>Tanto Laborales y Familiares, ayudan a obtener informaci\u00f3n de un tercero sobre las aptitudes y defectos que el candidato pueda tener. Todas las referencias proporcionadas son verificadas.<\/strong><\/p>\n<\/div><\/div>\n<\/div>\n<\/div>\n\n\n\n<div style=\"height:64px\" aria-hidden=\"true\" class=\"wp-block-spacer\"><\/div>\n\n\n\n<div class=\"wp-block-group alignfull has-black-background-color has-background is-layout-flow\"><div class=\"wp-block-group__inner-container\">\n<h2 class=\"wp-block-heading has-text-align-center has-white-color has-text-color\"><strong>Nuestros clientes<\/strong><\/h2>\n\n\n\n<figure class=\"wp-block-gallery aligncenter has-nested-images columns-default is-cropped wp-block-gallery-40 is-layout-flex\">\n<figure class=\"wp-block-image size-large\"><img decoding=\"async\" loading=\"lazy\" width=\"1024\" height=\"683\" src=\"https:\/\/kiub.lukyweb.com\/wp-content\/uploads\/2023\/04\/1-1024x683.jpg\" alt=\"\" class=\"wp-image-222\" srcset=\"https:\/\/kiub.lukyweb.com\/wp-content\/uploads\/2023\/04\/1-1024x683.jpg 1024w, https:\/\/kiub.lukyweb.com\/wp-content\/uploads\/2023\/04\/1-300x200.jpg 300w, https:\/\/kiub.lukyweb.com\/wp-content\/uploads\/2023\/04\/1-768x512.jpg 768w, https:\/\/kiub.lukyweb.com\/wp-content\/uploads\/2023\/04\/1-1536x1024.jpg 1536w, https:\/\/kiub.lukyweb.com\/wp-content\/uploads\/2023\/04\/1.jpg 1600w\" sizes=\"(max-width: 1024px) 100vw, 1024px\" \/><\/figure>\n\n\n\n<figure class=\"wp-block-image size-large\"><img decoding=\"async\" loading=\"lazy\" width=\"1024\" height=\"683\" src=\"https:\/\/kiub.lukyweb.com\/wp-content\/uploads\/2023\/04\/2-1024x683.jpg\" alt=\"\" class=\"wp-image-223\" srcset=\"https:\/\/kiub.lukyweb.com\/wp-content\/uploads\/2023\/04\/2-1024x683.jpg 1024w, https:\/\/kiub.lukyweb.com\/wp-content\/uploads\/2023\/04\/2-300x200.jpg 300w, https:\/\/kiub.lukyweb.com\/wp-content\/uploads\/2023\/04\/2-768x512.jpg 768w, https:\/\/kiub.lukyweb.com\/wp-content\/uploads\/2023\/04\/2-1536x1024.jpg 1536w, https:\/\/kiub.lukyweb.com\/wp-content\/uploads\/2023\/04\/2.jpg 1600w\" sizes=\"(max-width: 1024px) 100vw, 1024px\" \/><\/figure>\n\n\n\n<figure class=\"wp-block-image size-large\"><img decoding=\"async\" loading=\"lazy\" width=\"1600\" height=\"1067\" src=\"https:\/\/kiub.lukyweb.com\/wp-content\/uploads\/2023\/04\/3-1024x683.jpg\" alt=\"\" class=\"wp-image-224\" srcset=\"https:\/\/kiub.lukyweb.com\/wp-content\/uploads\/2023\/04\/3-1024x683.jpg 1024w, https:\/\/kiub.lukyweb.com\/wp-content\/uploads\/2023\/04\/3-300x200.jpg 300w, https:\/\/kiub.lukyweb.com\/wp-content\/uploads\/2023\/04\/3-768x512.jpg 768w, https:\/\/kiub.lukyweb.com\/wp-content\/uploads\/2023\/04\/3-1536x1024.jpg 1536w, https:\/\/kiub.lukyweb.com\/wp-content\/uploads\/2023\/04\/3.jpg 1600w\" sizes=\"(max-width: 1600px) 100vw, 1600px\" \/><\/figure>\n\n\n\n<figure class=\"wp-block-image size-large\"><img decoding=\"async\" loading=\"lazy\" width=\"1024\" height=\"683\" src=\"https:\/\/kiub.lukyweb.com\/wp-content\/uploads\/2023\/04\/4-1024x683.jpg\" alt=\"\" class=\"wp-image-225\" srcset=\"https:\/\/kiub.lukyweb.com\/wp-content\/uploads\/2023\/04\/4-1024x683.jpg 1024w, https:\/\/kiub.lukyweb.com\/wp-content\/uploads\/2023\/04\/4-300x200.jpg 300w, https:\/\/kiub.lukyweb.com\/wp-content\/uploads\/2023\/04\/4-768x512.jpg 768w, https:\/\/kiub.lukyweb.com\/wp-content\/uploads\/2023\/04\/4-1536x1024.jpg 1536w, https:\/\/kiub.lukyweb.com\/wp-content\/uploads\/2023\/04\/4.jpg 1600w\" sizes=\"(max-width: 1024px) 100vw, 1024px\" \/><\/figure>\n\n\n\n<figure class=\"wp-block-image size-large\"><img decoding=\"async\" loading=\"lazy\" width=\"1024\" height=\"683\" src=\"https:\/\/kiub.lukyweb.com\/wp-content\/uploads\/2023\/04\/5-1024x683.jpg\" alt=\"\" class=\"wp-image-226\" srcset=\"https:\/\/kiub.lukyweb.com\/wp-content\/uploads\/2023\/04\/5-1024x683.jpg 1024w, https:\/\/kiub.lukyweb.com\/wp-content\/uploads\/2023\/04\/5-300x200.jpg 300w, https:\/\/kiub.lukyweb.com\/wp-content\/uploads\/2023\/04\/5-768x512.jpg 768w, https:\/\/kiub.lukyweb.com\/wp-content\/uploads\/2023\/04\/5-1536x1024.jpg 1536w, https:\/\/kiub.lukyweb.com\/wp-content\/uploads\/2023\/04\/5.jpg 1600w\" sizes=\"(max-width: 1024px) 100vw, 1024px\" \/><\/figure>\n\n\n\n<figure class=\"wp-block-image size-large\"><img decoding=\"async\" loading=\"lazy\" width=\"1024\" height=\"683\" src=\"https:\/\/kiub.lukyweb.com\/wp-content\/uploads\/2023\/04\/6-1024x683.jpg\" alt=\"\" class=\"wp-image-227\" srcset=\"https:\/\/kiub.lukyweb.com\/wp-content\/uploads\/2023\/04\/6-1024x683.jpg 1024w, https:\/\/kiub.lukyweb.com\/wp-content\/uploads\/2023\/04\/6-300x200.jpg 300w, https:\/\/kiub.lukyweb.com\/wp-content\/uploads\/2023\/04\/6-768x512.jpg 768w, https:\/\/kiub.lukyweb.com\/wp-content\/uploads\/2023\/04\/6-1536x1024.jpg 1536w, https:\/\/kiub.lukyweb.com\/wp-content\/uploads\/2023\/04\/6.jpg 1600w\" sizes=\"(max-width: 1024px) 100vw, 1024px\" \/><\/figure>\n<\/figure>\n<\/div><\/div>\n\n\n\n<div class=\"wp-block-cover alignfull has-parallax is-position-center-center\" style=\"min-height:375px\"><span aria-hidden=\"true\" class=\"wp-block-cover__background has-black-background-color has-background-dim-40 has-background-dim\"><\/span><div role=\"img\" class=\"wp-block-cover__image-background wp-image-231 has-parallax\" style=\"background-position:50% 50%;background-image:url(https:\/\/kiub.lukyweb.com\/wp-content\/uploads\/2023\/04\/contactanos.jpg)\"><\/div><div class=\"wp-block-cover__inner-container\">\n<p class=\"has-text-align-center has-text-color has-huge-font-size\" style=\"color:#fffffa;line-height:1.1\"><strong>Solicita informaci\u00f3n <\/strong>con uno de nuestros asesores<\/p>\n\n\n\n<p class=\"has-text-align-center\"><\/p>\n\n\n\n<div style=\"height:39px\" aria-hidden=\"true\" class=\"wp-block-spacer\"><\/div>\n\n\n\n<div class=\"wp-block-buttons is-horizontal is-content-justification-center is-layout-flex wp-container-43\">\n<div class=\"wp-block-button is-style-outline\"><a class=\"wp-block-button__link has-white-color has-text-color wp-element-button\" href=\"#\">Contactanos<\/a><\/div>\n<\/div>\n<\/div><\/div>\n","protected":false},"excerpt":{"rendered":"<p>Estudios Socioecon\u00f3micos para Empresas\u200b. Consulta el historial laboral de un trabajador, referencias y reporte legal para tus candidatos y trabajadores. \u00bfQu\u00e9 hacemos por ti? Cobertura Nacional Hemos colaborado con m\u00faltiples empresas en diferentes rincones de nuestro pa\u00edses sin afectar la calidad del proceso.\u200b Validez del perfil Verificamos la certeza de la informaci\u00f3n que tus candidatos &hellip; <\/p>\n<p class=\"link-more\"><a href=\"https:\/\/kiub.lukyweb.com\/\" class=\"more-link\">Leer m\u00e1s<span class=\"screen-reader-text\"> \u00ab\u00bb<\/span><\/a><\/p>\n","protected":false},"author":1,"featured_media":6,"parent":0,"menu_order":0,"comment_status":"closed","ping_status":"closed","template":"","meta":[],"_links":{"self":[{"href":"https:\/\/kiub.lukyweb.com\/index.php\/wp-json\/wp\/v2\/pages\/7"}],"collection":[{"href":"https:\/\/kiub.lukyweb.com\/index.php\/wp-json\/wp\/v2\/pages"}],"about":[{"href":"https:\/\/kiub.lukyweb.com\/index.php\/wp-json\/wp\/v2\/types\/page"}],"author":[{"embeddable":true,"href":"https:\/\/kiub.lukyweb.com\/index.php\/wp-json\/wp\/v2\/users\/1"}],"replies":[{"embeddable":true,"href":"https:\/\/kiub.lukyweb.com\/index.php\/wp-json\/wp\/v2\/comments?post=7"}],"version-history":[{"count":131,"href":"https:\/\/kiub.lukyweb.com\/index.php\/wp-json\/wp\/v2\/pages\/7\/revisions"}],"predecessor-version":[{"id":248,"href":"https:\/\/kiub.lukyweb.com\/index.php\/wp-json\/wp\/v2\/pages\/7\/revisions\/248"}],"wp:featuredmedia":[{"embeddable":true,"href":"https:\/\/kiub.lukyweb.com\/index.php\/wp-json\/wp\/v2\/media\/6"}],"wp:attachment":[{"href":"https:\/\/kiub.lukyweb.com\/index.php\/wp-json\/wp\/v2\/media?parent=7"}],"curies":[{"name":"wp","href":"https:\/\/api.w.org\/{rel}","templated":true}]}}